-55)?
49
Let f(y) = -427*y - 3921. Calculate f(-9).
-78
Let v(i) = 654*i - 194248. Calculate v(297).
-10
Let q(l) = -2*l**2 - 38*l - 21. Determine q(-16).
75
Let r(t) = 72*t - 1728. What is r(24)?
0
Let r(a) = 35*a + 1936. Calculate r(-56).
-24
Let m(s) = 35*s**2 - 3147*s - 269. Determine m(90).
1
Let q(w) = -w**3 - 5*w**2 - 5*w + 6. Calculate q(-3).
3
Let q(x) = -3*x**2 - 7*x + 78. What is q(-12)?
-270
Let r(f) = f**3 + 5*f**2 - 6. Calculate r(-6).
-42
Let z(v) = 98*v + 706. Give z(-7).
20
Let q(c) = -44*c - 4799. What is q(-109)?
-3
Let l(b) = -b**2 - 348*b + 5063. What is l(14)?
-5
Let i(g) = 4*g**2 - 38*g + 151. Give i(4).
63
Let y(j) = 10*j**2 + 48*j + 17. Calculate y(-6).
89
Let r(y) = 12*y**2 + 90*y + 4. Give r(-5).
-146
Let y(f) = -40*f + 67. Calculate y(2).
-13
Let v(z) = z**3 - 36*z**2 + 309*z - 28. What is v(14)?
-14
Let v(x) = -3*x - 8. Determine v(-8).
16
Let r(w) = w**3 - 10*w**2 + 18*w - 12. Give r(9).
69
Let h(o) = -o**3 + 19*o**2 + 418*o + 18. What is h(-13)?
-8
Let t(y) = 8*y - 358. Give t(40).
-38
Let m(u) = 6*u**3 - 107*u**2 + 87*u - 27. Determine m(17).
7
Let t(k) = -30*k - 1368. What is t(-46)?
12
Let d(g) = -g**2 - 717*g - 5665. What is d(-8)?
7
Let j(v) = -5*v**3 + 2*v**2 - 12*v - 7. Determine j(-4).
393
Let t(h) = -h**2 + 26*h - 42. What is t(25)?
-17
Let d(k) = k**3 + 11*k**2 - 150*k + 31. What is d(-19)?
-7
Let f(t) = 472*t - 2342. What is f(5)?
18
Let f(q) = -3*q**3 - 55*q**2 - 12*q + 52. Determine f(-18).
-56
Let k(q) = q**2 - 73*q + 1050. Calculate k(20).
-10
Let t(d) = -2*d**2 + 22*d + 78. Calculate t(13).
26
Let w(h) = -h**2 + 2*h - 3. Determine w(0).
-3
Let u(w) = w**3 + 8*w**2 - 18*w - 71. Calculate u(-9).
10
Let o(h) = h**3 - 112*h**2 - 829*h - 338. Calculate o(119).
138
Let b(f) = 15*f**2 - 569*f - 1241. Calculate b(40).
-1
Let o(s) = -2*s**3 - 44*s**2 - 47*s - 129. Give o(-21).
-24
Let h(q) = 48*q + 1400. Determine h(-29).
8
Let t(h) = 36*h + 40. Calculate t(-1).
4
Let h(u) = -44*u + 519. What is h(12)?
-9
Let r(y) = y**2 + 52*y - 115. Give r(-54).
-7
Let s(d) = -31*d + 310. Calculate s(-17).
837
Let r(w) = w**3 - 20*w**2 + 72*w + 119. Calculate r(9).
-124
Let r(o) = 3*o**3 - 74*o**2 + 56*o - 182. Give r(24).
10
Let s(n) = 102*n + 1029. Determine s(-10).
9
Let l(b) = b**3 - 10*b**2 + 26*b + 8. Determine l(5).
13
Let p(i) = 8*i**2 + 57*i + 16. Give p(-7).
9
Let r(n) = n**3 - 15*n**2 + 7*n - 23. Determine r(0).
-23
Let l(b) = 6*b**2 - 3126*b - 6269. Give l(-2).
7
Let k(x) = -26*x + 419. What is k(16)?
3
Let r(z) = 37*z + 744. What is r(-20)?
4
Let d(x) = -x**3 - 14*x**2 + 35*x + 160. Determine d(-17).
432
Let s(t) = t**3 - 8*t**2 - 13*t - 77. What is s(10)?
-7
Let p(j) = 138*j - 729. What is p(5)?
-39
Let u(h) = -5*h**2 - 63*h + 62. What is u(1)?
-6
Let r(n) = 5*n**2 - 6*n - 276. Give r(8).
-4
Let v(z) = -2*z**2 + 54*z + 1503. What is v(44)?
7
Let o(g) = 50*g**2 + 134*g + 4. What is o(-2)?
-64
Let l(s) = 2*s**2 + 13*s + 51. What is l(-8)?
75
Let j(m) = -m**3 + 8*m**2 + 225*m - 1145. Give j(5).
55
Let s(o) = -o**3 - 36*o**2 - o - 154. Determine s(-36).
-118
Let x(q) = 37*q + 3514. Determine x(-95).
-1
Let q(s) = -34*s + 372. What is q(-11)?
746
Let i(b) = -3294*b + 3331. Determine i(1).
37
Let d(l) = -5830*l + 157426. Give d(27).
16
Let z(f) = -878*f + 2642. Give z(3).
8
Let u(t) = t**3 + 153*t**2 - 304*t + 891. Determine u(-155).
-39
Let v(l) = -3*l**3 + l**2 - 4*l - 15. What is v(3)?
-99
Let h(v) = 66*v + 447. Give h(-9).
-147
Let g(h) = 5*h**2 + 137*h - 809. Determine g(5).
1
Let l(m) = 30*m**3 - 26*m**2 - 56*m - 11. Determine l(-2).
-243
Let m(a) = -77*a - 114. Calculate m(-2).
40
Let l(x) = -2*x**2 + 32*x + 134. Give l(21).
-76
Let s(n) = 278*n - 294. Give s(1).
-16
Let o(k) = 97*k - 871. Calculate o(9).
2
Let v(z) = 29*z**3 - 755*z**2 + 2*z + 629. What is v(26)?
5
Let i(z) = 2*z**3 - 2*z**2 - 24*z + 50. Determine i(0).
50
Let j(h) = -h**3 - 24*h**2 - 44*h + 13. Calculate j(-22).
13
Let z(q) = -118*q + 83. Give z(1).
-35
Let k(a) = 240*a**2 - 9*a - 1. Calculate k(-1).
248
Let t(a) = -2*a + 223. What is t(112)?
-1
Let f(y) = -9*y - 121. What is f(-14)?
5
Let q(b) = -b**3 + 185*b**2 - 3160*b + 1013. Determine q(166).
17
Let f(k) = 1002*k + 26037. Determine f(-26).
-15
Let v(m) = 2*m**2 + 6*m + 34. Give v(-10).
174
Let h(x) = 2*x**2 - 985*x - 2966. Calculate h(-3).
7
Let o(d) = -235*d - 477. Calculate o(-2).
-7
Let d(y) = -1395*y - 66962. What is d(-48)?
-2
Let h(q) = -q**2 - 36*q + 1125. Determine h(26).
-487
Let x(h) = -h**2 - 48*h + 749. Calculate x(12).
29
Let f(x) = -x**3 - 50*x**2 - 43*x + 431. Determine f(-49).
137
Let b(p) = p**3 - 4*p**2 + 6*p - 100. What is b(7)?
89
Let y(j) = -29*j - 473. Give y(-16).
-9
Let o(x) = x**2 + 45*x - 715. Calculate o(-53).
-291
Let t(q) = 13*q + 1190. Calculate t(-34).
748
Let y(f) = 4*f - 58. What is y(12)?
-10
Let m(a) = -34*a**2 + 201*a - 2. What is m(7)?
-261
Let p(u) = -7045*u + 91575. Give p(13).
-10
Let p(x) = -17*x - 540. Calculate p(-34).
38
Let r(p) = -p**2 - 28. Calculate r(0).
-28
Let d(v) = 11*v**3 - 210*v**2 + 20*v - 29. Give d(19).
-10
Let x(r) = 207*r - 35191. Give x(170).
-1
Let q(p) = -146*p - 204. Give q(-4).
380
Let d(p) = p**2 + 56*p - 49. Determine d(-57).
8
Let u(w) = 340*w**2 - 3409*w + 13. Determine u(10).
-77
Let y(t) = 3*t**2 + 9*t - 134. What is y(0)?
-134
Let z(v) = v**2 + 13*v - 66. Calculate z(-9).
-102
Let x(f) = -f**3 - 19*f**2 - 46*f + 36. Calculate x(-16).
4
Let z(f) = 51*f + 3428. What is z(-68)?
-40
Let z(c) = -56*c - 2467. What is z(-44)?
-3
Let r(t) = 55*t + 1432. Calculate r(-27).
-53
Let c(f) = -f**3 + 9*f**2 - 4*f + 15. Calculate c(6).
99
Let p(a) = 272*a + 2531. Determine p(-9).
83
Let d(q) = -315*q**2 - 3466*q - 10. Calculate d(-11).
1
Let b(k) = 4*k**2 - 7*k - 6. Calculate b(0).
-6
Let q(a) = -19*a**2 + 589*a + 46. Calculate q(31).
46
Let y(k) = -77*k**2 - 99*k - 98. Determine y(-1).
-76
Let z(d) = -d**2 + 5*d + 16. What is z(7)?
2
Let q(y) = -281*y + 1586. Determine q(6).
-100
Let k(s) = -3*s**3 + 14*s**2 - 28*s + 81. What is k(5)?
-84
Let r(i) = 2*i**2 + 60*i + 425. What is r(-11)?
7
Let g(l) = -24*l + 1493. Give g(62).
5
Let f(i) = i**2 - 43*i + 77. What is f(39)?
-79
Let n(v) = 160*v**3 - 3*v + 3. Determine n(1).
160
Let l(y) = -y**2 - 153*y - 2312. Give l(-136).
0
Let y(p) = -p**3 + 3*p**2 + 2*p - 6. Determine y(3).
0
Let j(y) = 5*y**2 - 79*y - 2. Calculate j(0).
-2
Let i(m) = -5*m**2 - 7*m - 12. Determine i(-4).
-64
Let t(u) = 235*u - 1397. What is t(7)?
248
Let w(j) = -j**2 - 32*j - 187. Calculate w(-21).
44
Let t(b) = 13*b - 179. Calculate t(8).
-75
Let a(j) = 1303*j - 23453. Determine a(18).
1
Let z(w) = 57*w - 256. What is z(6)?
86
Let o(c) = 17*c**3 + 8*c + 7. Give o(-1).
-18
Let g(t) = -272*t + 2732. Calculate g(10).
12
Let t(r) = r**2 - 44*r + 409. Give t(13).
6
Let m(t) = -472*t + 325. What is m(1)?
-147
Let s(t) = 2*t**3 - 15*t**2 - 22*t + 10. Determine s(8).
-102
Let d(g) = -g**3 + 23*g**2 - 20*g + 466. Determine d(23).
6
Let y(q) = q**3 - 9*q**2 - 46*q + 154. Determine y(13).
232
Let k(b) = -362*b + 1103. Give k(3).
17
Let x(i) = -58*i + 3249. Calculate x(56).
1
Let u(p) = p**3 - 7*p**2 - 40*p + 83. Calculate u(10).
-17
Let r(h) = 245*h**3 - h**2 + 4*h + 3. Give r(-1).
-247
Let y(m) = -m**3 + 13*m**2 + 483*m + 9. Determine y(-17).
468
Let t(z) = 2*z**2 - 134*z + 922. Give t(58).
-122
Let p(q) = q**2 + 65*q + 875. What is p(-46)?
1
Let w(t) = -t**3 - 4*t**2 + 4*t + 10. Give w(-4).
-6
Let s(y) = -y**3 - 22*y**2 + 6*y + 119. Calculate s(-22).
-13
Let v(f) = -30*f + 1821. Determine v(41).
591
Let h(y) = 2*y**2 - 36*y - 165. What is h(-4)?
11
Let z(c) = -23*c**2 + 666*c + 675. Calculate z(-1).
-14
Let q(x) = -128*x + 3. Give q(0).
3
Let m(q) = 148*q - 733. Determine m(5).
7
Let t(o) = -o**3 - 28*o**2 - 71*o + 108. What is t(-25)?
8
Let r(k) = k**3 + 10*k**2 + 10*k + 38. Determine r(-10).
-62
Let v(r) = r**3 + 9*r**2 - 74*r - 33. Calculate v(-14).
23
Let x(d) = 3*d - 39. What is x(32)?
57
Let q(i) = -i**3 + 9*i**2 + 360*i + 10. Give q(24).
10
Let a(h) = -363*h**2 + 730*h - 729. What is a(1)?
-362
Let v(f) = f**3 - 4*f**2 - 248*f + 46. Determine v(18).
118
Let b(o) = 51*o**3 - 9. What is b(2)?
399
Let v(u) = 2*u**2 + 121*u + 1641. Give v(-40).
1
Let l(f) = 62*f - 805. What is l(12)?
-61
Let r(n) = -12*n**2 - 5